es 682 divide 404868944?
False
Does 59 divide 11385525?
True
Is 3 a factor of 142314894?
True
Is 281 a factor of 89920?
True
Does 2 divide 16245262?
True
Is 25 a factor of 1585613623?
False
Does 3557 divide 301761652?
True
Is 29 a factor of 32864104?
False
Is 9 a factor of 34736067?
True
Is 265 a factor of 9338742?
False
Is 494117448 a multiple of 132?
True
Is 208440432 a multiple of 8?
True
Is 5 a factor of 330924544?
False
Does 549 divide 206281809?
True
Is 4 a factor of 3604974?
False
Is 59 a factor of 633013065?
True
Is 10428778 a multiple of 873?
False
Does 64 divide 109674913?
False
Is 1557 a factor of 330993288?
True
Is 53 a factor of 61249132?
True
Does 34 divide 548107914?
True
Is 245 a factor of 153246409?
False
Does 64 divide 1869681?
False
Is 66 a factor of 954333732?
True
Is 50 a factor of 96047697?
False
Is 9 a factor of 37947431?
False
Does 264 divide 1310399356?
False
Is 141541968 a multiple of 775?
False
Is 14 a factor of 37708663?
False
Does 56 divide 35155173?
False
Does 298 divide 143984958?
True
Does 2 divide 1699538?
True
Does 35 divide 53597847?
False
Does 268 divide 31390165?
False
Is 15330520 a multiple of 293?
False
Is 102455124 a multiple of 2859?
True
Is 675071586 a multiple of 518?
True
Does 15 divide 70593870?
True
Is 84 a factor of 247477104?
True
Does 18 divide 54475416?
True
Is 49879064 a multiple of 92?
False
Is 784782370 a multiple of 10?
True
Is 21807135 a multiple of 749?
True
Is 122106600 a multiple of 180?
True
Is 368 a factor of 819404624?
True
Is 196256202 a multiple of 13?
False
Is 9841 a factor of 1177465809?
True
Is 60 a factor of 53024340?
True
Is 10 a factor of 35189379?
False
Does 111 divide 864020?
False
Is 24688125 a multiple of 33?
True
Is 113 a factor of 22709610?
True
Is 55 a factor of 431553855?
False
Does 635 divide 20844510?
True
Does 141 divide 44014419?
True
Is 14749203 a multiple of 687?
True
Is 7399890 a multiple of 60?
False
Does 58 divide 42064016?
False
Does 253 divide 1746775875?
False
Does 459 divide 51490161?
True
Does 13 divide 3681102737?
True
Does 18 divide 664706286?
True
Does 10 divide 2155745423?
False
Is 478124504 a multiple of 286?
True
Is 46 a factor of 105820056?
True
Does 177 divide 8450026?
False
Is 33700330 a multiple of 10?
True
Does 328 divide 52929688?
True
Is 67 a factor of 167250492?
True
Is 199 a factor of 819201012?
True
Is 24 a factor of 38935045?
False
Is 100 a factor of 1590146300?
True
Is 89456240 a multiple of 40?
True
Does 28 divide 273984699?
False
Does 4 divide 61145686?
False
Is 30002112 a multiple of 14?
True
Does 83 divide 1091229552?
True
Is 704 a factor of 137496302?
False
Is 282 a factor of 15394662?
True
Does 5 divide 2335301?
False
Is 579298200 a multiple of 725?
True
Does 16 divide 27972906?
False
Is 400 a factor of 2735341600?
True
Is 20 a factor of 858350300?
True
Is 714599066 a multiple of 202?
False
Is 18570780 a multiple of 6?
True
Is 81 a factor of 6808374?
True
Is 35335940 a multiple of 13?
False
Is 3992 a factor of 194222776?
True
Is 42 a factor of 182873387?
False
Is 8802928 a multiple of 23?
True
Is 6 a factor of 24012009?
False
Is 91 a factor of 195514189?
False
Is 1297 a factor of 1358674371?
False
Is 17585403 a multiple of 10?
False
Does 8 divide 466789356?
False
Is 17 a factor of 220013626?
True
Is 6262057 a multiple of 493?
False
Is 8 a factor of 48305464?
True
Is 182 a factor of 365882244?
True
Does 44 divide 1153449060?
False
Is 452207476 a multiple of 332?
False
Is 389 a factor of 1989028153?
False
Is 43 a factor of 32210612?
True
Is 25724293 a multiple of 89?
True
Is 2206 a factor of 169637456?
False
Is 17 a factor of 6328119?
False
Is 499 a factor of 1542826411?
False
Is 975113804 a multiple of 217?
True
Is 60519711 a multiple of 1939?
False
Does 1179 divide 18298407?
False
Is 4 a factor of 26672240?
True
Does 7460 divide 310122437?
False
Is 38 a factor of 36409966?
True
Does 1107 divide 158220618?
False
Is 1296847003 a multiple of 7600?
False
Does 24 divide 61006757?
False
Is 27 a factor of 1210126945?
False
Does 159 divide 244570620?
True
Does 109 divide 4026482?
False
Does 13 divide 282366195?
False
Is 4120 a factor of 835031439?
False
Is 2250273291 a multiple of 43?
True
Does 1426 divide 56710421?
False
Is 1720 a factor of 850717295?
False
Does 1133 divide 17538840?
True
Is 69061272 a multiple of 1932?
True
Is 42526666 a multiple of 13?
True
Is 1943187693 a multiple of 1002?
False
Is 12847025 a multiple of 17?
False
Is 22885590 a multiple of 910?
True
Is 2824 a factor of 129511892?
False
Is 22 a factor of 44720024?
False
Is 31 a factor of 2052850566?
True
Does 108 divide 65852805?
False
Does 33 divide 1382354391?
True
Is 61794144 a multiple of 251?
False
Is 6304231 a multiple of 61?
False
Is 5314734 a multiple of 54?
True
Does 225 divide 144027143?
False
Does 562 divide 1870372196?
False
Is 19 a factor of 5167069?
True
Does 1617 divide 48264216?
True
Is 1392 a factor of 162205089?
False
Is 171 a factor of 18505991?
False
Is 585269 a multiple of 30?
False
Is 244 a factor of 660569244?
True
Is 485 a factor of 331165760?
True
Does 169 divide 85231684?
False
Is 134 a factor of 397755654?
False
Is 61 a factor of 501516666?
False
Is 226175642 a multiple of 4?
False
Is 512 a factor of 26949632?
True
Does 52 divide 1036352?
False
Is 1352 a factor of 570036566?
False
Is 20 a factor of 13575796?
False
Is 15153825 a multiple of 15?
True
Is 33507064 a multiple of 58?
True
Does 586 divide 259360771?
False
Is 6 a factor of 592035599?
False
Does 44 divide 41815400?
True
Is 349128894 a multiple of 579?
True
Is 586 a factor of 1508558503?
False
Does 16 divide 31558016?
True
Is 51 a factor of 301957657?
False
Does 154 divide 613807810?
True
Is 80 a factor of 88215120?
True
Is 41 a factor of 343257039?
False
Is 2319 a factor of 1538413005?
True
Does 11 divide 124625459?
False
Does 634 divide 2226609997?
False
Is 90701040 a multiple of 3340?
True
Is 2444834 a multiple of 7?
True
Does 22 divide 146500981?
False
Is 229 a factor of 1040257232?
True
Does 99 divide 25103331?
True
Is 146570688 a multiple of 74?
False
Is 1009398928 a multiple of 36?
False
Does 13 divide 686943842?
True
Does 127 divide 43163617?
True
Does 23 divide 4586844?
True
Is 29766200 a multiple of 100?
True
Is 38738128 a multiple of 143?
True
Is 30699036 a multiple of 18?
True
Is 135972108 a multiple of 2818?
False
Does 1474 divide 33204798?
True
Is 42418105 a multiple of 17?
False
Does 11 divide 15514884?
True
Does 405 divide 5370300?
True
Is 3741 a factor of 914488308?
False
Is 34276490 a multiple of 173?
True
Is 21 a factor of 30768733?
False
Does 33 divide 35314163?
False
Is 35 a factor of 411142622?
False
Is 9 a factor of 62624259?
True
Is 18744347 a multiple of 740?
False
Is 34 a factor of 3975287514?
True
Is 112153824 a multiple of 18?
True
Does 177 divide 45393066?
True
Is 290422182 a multiple of 49?
False
Is 25 a factor of 46825?
True
Is 15204191 a multiple of 72?
False
Does 83 divide 277312614?
False
Is 1773 a factor of 21648330?
True
Is 810732760 a multiple of 790?
True
Is 24147692 a multiple of 43?
False
Is 261354380 a multiple of 116?
True
Is 173391894 a multiple of 9?
True
Is 138 a factor of 520710360?
False
Does 6 divide 2038776?
True
Is 2406502559 a multiple of 4071?
False
Is 44734208 a multiple of 1104?
False
Does 3 divide 52539540?
True
Is 6 a factor of 8956530?
True
Is 4 a factor of 56351108?
True
Does 65 divide 175389049?
False
Is 1430457056 a multiple of 62?
True
Does 186 divide 1083279186?
False
Is 123375548 a multiple of 566?
True
Is 387813216 a multiple of 16?
True
Is 2017 a factor of 121857511?
False
Does 270 divide 10766228?
False
Is 188991330 a multiple of 807?
True
Is 92111668 a multiple of 44?
True
Does 28 divide 240218708?
False
Does 231 divide 81729225?
False
Is 560 a factor of 9039696?
False
Does 638 divide 3611116352?
False
Is 26116089 a multiple of 17?
False
Is 1146 a factor of 36760242?
True
Does 3 divide 164556969?
True
Does 49 divide 234658913?
False
Does 72 divide 3953198232?
True
Is 145706043 a multiple of 408?
False
Is 641200749 a multiple of 291?
True
Does 31 divide 6530651?
False
Is 7 a factor of 47773551?
True
Is 2 a factor of 3243337?
False
Is 7 a factor of 117063947?
True
Is 1873284990 a multiple of 1375?
False
Is 56558040 a